 is the units digit of l?
7
Let y be (-3)/3 + (-3 - -9). Suppose -4*z - y = -3*c + 68, 27 = c - 2*z. What is the tens digit of c?
1
Let g = 8 + -4. Let v = 2 - g. What is the units digit of (-1)/v - 22/(-4)?
6
Suppose 5 = 5*o - 5, 14 = 3*z + 4*o. Suppose -77 - 67 = -6*g. Suppose -c - g = -3*y - z*y, -c + 6 = y. What is the units digit of c?
1
Let y(r) = r**3 - r - 1. Let q(m) = 2*m**3 + 11*m**2 - 14*m - 9. Let n(k) = -q(k) + 3*y(k). What is the units digit of n(10)?
6
Let g = 312 - -19. What is the hundreds digit of g?
3
Let k = 6 - 5. Suppose 0 = -z - k + 2. What is the units digit of z?
1
Let t(u) = -u**3 - 2*u**2 + 2*u + 5. What is the units digit of t(-4)?
9
Let o(p) = 2*p**2 + p - 9. What is the tens digit of o(3)?
1
What is the units digit of 20/(-5) + (-544)/(-4)?
2
Let s = 11 + -3. Let x = s + 15. What is the tens digit of x?
2
Let n(k) be the first derivative of -3*k**2/2 - 6*k + 1. What is the units digit of n(-4)?
6
Suppose -4*s = s. Let i = -29 + 31. Let j = s + i. What is the units digit of j?
2
Let u(k) = k**2 - 12*k + 13. Let j be u(11). Suppose -152 = -3*o - j. Suppose 5*w - 5 - o = 0. What is the tens digit of w?
1
Let h(n) = -15*n - 2. What is the tens digit of h(-5)?
7
Let z(l) = -l + 20. Let t be 4/6 - (-16)/(-24). What is the units digit of z(t)?
0
Let d = -15 - -24. Let v = 19 - d. What is the tens digit of v?
1
Suppose 3*h = 4 + 2. What is the units digit of h?
2
Let o(y) = -6*y + 4. Let v(h) = -5*h + 5. Let w(x) = -3*o(x) + 4*v(x). What is the tens digit of w(-9)?
2
Let g = 148 - 48. What is the hundreds digit of g?
1
Let l(a) be the second derivative of -a**4/12 - 4*a**3/3 + 2*a**2 + a. What is the units digit of l(-7)?
1
What is the tens digit of 4/4 + 5*16?
8
Let g(q) = 2*q**2 - 14*q. Let o be g(11). Suppose -5*k = -3*k - o. What is the units digit of k?
4
Suppose 160 = 5*h - 65. What is the units digit of h?
5
Suppose 0 = 4*u + 1 + 3. Let o = 4 - u. What is the units digit of o?
5
Suppose 27 = -j - 5*a + 10, 4*a = -16. Suppose -2*u + 12 = 4*y, -2*y + 6*y = -j*u + 12. What is the units digit of y?
3
Suppose -5*j + 379 = 3*a - 916, 4*a = 20. What is the tens digit of j?
5
Suppose -255 = -4*j + 189. What is the hundreds digit of j?
1
Let q(z) = 2*z - 9. Let p be q(3). Let c(r) be the first derivative of -r**2 - 3*r + 1. What is the units digit of c(p)?
3
Suppose -u + 31 = 3*t - 36, 0 = 5*t + 3*u - 113. Let n = 31 - t. What is the units digit of n?
9
Let z = 55 - 39. Suppose 0 = 4*j - 8 - z. What is the units digit of j?
6
Let h = -9 + 10. Let a = -5 + 7. Let y = a + h. What is the units digit of y?
3
Let d be (4 + (-256)/2)*-1. Suppose -3*r = -0*r - 12, 4*r + d = 4*z. What is the tens digit of z?
3
Suppose -2 = 7*h - 8*h. What is the tens digit of 11*(2 + (-2)/h)?
1
Let r = -5 + 8. Suppose -r*s + 15 = -0*s. Suppose 3*z - 4*y - 1 = 0, -13 = -4*z + 4*y - s. What is the units digit of z?
7
Let h(t) be the first derivative of -5*t**2/2 + t + 2. What is the units digit of h(-6)?
1
Suppose -7*i = 38 - 339. Suppose 4*s - 5*s + i = 0. What is the units digit of s?
3
Let w be -30*(-3)/((-45)/(-6)). What is the units digit of w/(-30)*10*-12?
8
Suppose -3 - 8 = -5*d + t, -d + 1 = t. What is the units digit of d?
2
Let j(d) = -3*d**2 + 7*d + 2. Let y(u) = 4*u**2 - 7*u - 2. Let p(q) = 5*j(q) + 4*y(q). What is the tens digit of p(-8)?
1
Let n(y) = 2*y + 3 - 5 + 0*y + 3. Let k be n(-2). Let j = -1 - k. What is the units digit of j?
2
Suppose -4*z - 20 = 0, 2*k - 4*z - 32 = -k. Suppose c - k*c + 54 = 0. What is the units digit of c?
8
Let g(k) = 2*k**3 + 12*k**2 + 3*k + 1. What is the units digit of g(-5)?
6
Suppose -8*d + 38 = -3*d + 2*h, -h = 4*d - 28. Suppose 28 = 2*v + d. Let t = v - 1. What is the tens digit of t?
1
Suppose -n - 3*d - d = 22, -4*d = 3*n + 26. What is the units digit of (-75)/(-12)*-2*n?
5
Suppose g + 101 = 2*c, c + 2*g - 58 = -0*c. Suppose v - c = -3*v. Suppose -3*i = -2*h + 39, -3*h = 5*i + 2 - v. What is the tens digit of h?
1
Let h(w) = -w**3 - 7*w**2 - 7*w + 2. Let x be h(-6). Let b be 27/12*x/3. Let r = b - 2. What is the units digit of r?
4
Let v be 52/(-8) - (-2)/4. Let s(n) = 2*n**2 - 4*n + 1. Let u(b) = b**2 - 4*b + 2. Let r(l) = 2*s(l) - 3*u(l). What is the units digit of r(v)?
8
Let u = 48 + -18. Let z = u - 14. What is the units digit of z?
6
Let i(t) = 3*t - 11. Let m be i(5). Suppose -m*p = -p - 144. What is the tens digit of p?
4
Let o(h) = h**2 + 3*h + 4. Let a(l) = -l**2 - 9*l + 16. Let f be a(-11). Let n = f - -3. What is the units digit of o(n)?
4
Let j(g) = g**2 + 6*g - 6. Suppose 5*f - 2*k = -29 - 10, 0 = -2*f + 4*k - 22. Let r be j(f). What is the units digit of (r + 0)*27/3?
9
Let v(z) = 3*z + 150. What is the units digit of v(0)?
0
Suppose 0 = -3*y + 4*y. Suppose 3 = 3*a - 2*m, 5*m = a - 1 - y. What is the units digit of a?
1
What is the units digit of 4/((-8)/(-18)) + 3?
2
Let w(b) = b**2 + 9*b + 6. Let o be w(-8). What is the units digit of o/5 - (-216)/15?
4
What is the tens digit of ((-34)/(-8))/(-5 - 105/(-20))?
1
Let k = 36 + -2. What is the units digit of k?
4
Let q = -3 + 27. Let w(k) = k. Let a be w(2). Suppose a*d - 2*h = h + 2, -2*h = 5*d - q. What is the units digit of d?
4
Let p(n) = -n**2 - 3*n - 5. Let z be p(-4). Let q = 18 + z. Suppose 2*d + 2*h - 3 = q, 3*d - 32 = 4*h. What is the units digit of d?
8
Suppose -4*r - 5*v = 0, -3*r = r - 4*v. Suppose 2*t - 3*t + 11 = r. Let m = t + 6. What is the tens digit of m?
1
Let v(w) = -2*w - 1. What is the units digit of v(-6)?
1
Suppose 4*b - 86 = -30. Suppose 0 = -g - g + 48. Suppose -5*a + 2*y + g = 0, -3*a = 2*a + 3*y - b. What is the units digit of a?
4
Let s(t) be the second derivative of t**3/6 + t**2 - 2*t. Let i be s(3). What is the units digit of (18/15)/(2/i)?
3
Let z = -29 + 46. What is the units digit of z?
7
Let o = 41 + 41. What is the tens digit of o?
8
Suppose -21*i = -25*i + 1392. What is the units digit of i?
8
Let r = -87 - -150. What is the tens digit of r?
6
Suppose -2*i - 2*i + 20 = 0. What is the units digit of i?
5
Suppose 4*j + 2 = -3*t, -5*t + 8 = -0*t + j. Suppose -3*d = -v - 2, -d + 18 = t*d + 3*v. Suppose -2*q = d*q - 8. What is the units digit of q?
2
Suppose 0 = -5*a + 4*u - 16 + 68, -4*a + 4*u = -44. Let r be -4*(-2 - (-10)/a). Let o = 7 - r. What is the units digit of o?
4
Let u be 7/5 + (-9)/(-15). Suppose -g + u*z = -6, 0 = -2*g - 0*z - z + 22. What is the tens digit of g/4*88/20?
1
Suppose 28 = 2*h + 4*q, 3*h - 4*h - 4*q + 18 = 0. What is the tens digit of h?
1
Suppose -4*g + 4*a + 276 = 0, -2*a = 3*g - 0*a - 207. What is the units digit of g?
9
Suppose 0 = -4*u - 5*x + 13, -u = -0*u + x - 3. What is the tens digit of 45 + (0 + 0 - u)?
4
Let w(g) = -7*g - 5. Let l(o) = -15*o - 9. Let j(c) = 4*l(c) - 9*w(c). What is the tens digit of j(4)?
2
Suppose -5*p = -5*u + 370, 4*u - 255 = -4*p + 49. What is the units digit of u?
5
Let j(n) = -36*n**3 - n**2 + 1. Suppose -f - 1 = -0*f. What is the units digit of j(f)?
6
Suppose -5*p + 6*p = 11. What is the tens digit of p?
1
What is the tens digit of 28/(-12)*-41 - (-6)/(-9)?
9
Let p be (72/30)/(3/(-15)). What is the tens digit of ((-6)/p)/((-1)/(-72))?
3
Let z = -12 + 3. What is the units digit of (-6)/4*132/z?
2
Let d = -17 - -20. What is the tens digit of (-8)/d*(-285)/20?
3
Let g(q) = -q. Let j be g(0). Suppose -i + 3*i = -4, -2*a - 3*i + 20 = j. What is the units digit of a?
3
Suppose 3*a = -2*d + 16 + 57, -4*a = 4*d - 144. What is the units digit of d?
5
Suppose 5*w = 2*x + 3*w - 68, -2 = -w. Let p = 53 - x. Suppose 2*v - p = -5*z + 21, -z = -4*v + 10. What is the units digit of z?
6
Let f = -4 - -6. Suppose -f*p - 3*p = -40. What is the units digit of p?
8
Let t(j) = j**3 + 10*j**2 - 2*j - 13. What is the units digit of t(-10)?
7
What is the hundreds digit of -14 - -14 - (1 + -172)?
1
Let t(i) = 5*i**2 + 4*i + 2. What is the units digit of t(-3)?
5
Suppose 0 = -3*h + 7 + 8. Let s(b) = b - 5. Let i be s(h). Suppose -4*r + 5 + 3 = i. What is the units digit of r?
2
Let n(g) = 5*g - 8. Let y(v) = 6*v - 9. Let w(q) = -5*n(q) + 4*y(q). What is the units digit of w(0)?
4
Let f = 7 - 5. What is the units digit of 102/(-4)*f/(-3)?
7
Let r(g) = 4*g**2 - 3*g + 2. What is the units digit of r(5)?
7
Suppose -5*p = b - 102, 5*b + 11*p - 7*p - 615 = 0. What is